{"id":1133,"date":"2026-03-13T17:24:23","date_gmt":"2026-03-13T16:24:23","guid":{"rendered":"https:\/\/sv-kutenholz.de\/news\/?page_id=1133"},"modified":"2026-03-13T17:24:23","modified_gmt":"2026-03-13T16:24:23","slug":"wuerdentraeger-2025-2","status":"publish","type":"page","link":"https:\/\/sv-kutenholz.de\/news\/wuerdentraeger-2025-2\/","title":{"rendered":"W\u00fcrdentr\u00e4ger 2025"},"content":{"rendered":"\n<figure class=\"wp-block-image size-full\"><img loading=\"lazy\" decoding=\"async\" width=\"1508\" height=\"1144\" src=\"https:\/\/sv-kutenholz.de\/wp-content\/uploads\/2026\/03\/Wuerdentraeger-2025.jpg\" alt=\"\" class=\"wp-image-1134\" srcset=\"https:\/\/sv-kutenholz.de\/wp-content\/uploads\/2026\/03\/Wuerdentraeger-2025.jpg 1508w, https:\/\/sv-kutenholz.de\/wp-content\/uploads\/2026\/03\/Wuerdentraeger-2025-300x228.jpg 300w, https:\/\/sv-kutenholz.de\/wp-content\/uploads\/2026\/03\/Wuerdentraeger-2025-1024x777.jpg 1024w, https:\/\/sv-kutenholz.de\/wp-content\/uploads\/2026\/03\/Wuerdentraeger-2025-768x583.jpg 768w\" sizes=\"auto, (max-width: 1508px) 100vw, 1508px\" \/><\/figure>\n\n\n\n<figure class=\"wp-block-table is-style-regular\"><table class=\"has-fixed-layout\"><tbody><tr><td>Sch\u00fctzenk\u00f6nig<\/td><td><\/td><td>Stefan Grau<\/td><\/tr><tr><td><\/td><td>1. Adjutant<\/td><td>Stefan Zerbin<\/td><\/tr><tr><td><\/td><td>2. Adjutant<\/td><td>Alexander Geid<\/td><\/tr><tr><td>Sch\u00fctzenk\u00f6nigin<\/td><td><\/td><td>Annika de Waal<\/td><\/tr><tr><td><\/td><td>1. Adjutantin<\/td><td>Michaela Hauschild<\/td><\/tr><tr><td><\/td><td>2. Adjutantin<\/td><td>Karin Grau<\/td><\/tr><tr><td>Jungsch\u00fctzenk\u00f6nig<\/td><td><\/td><td>Markus Geid<\/td><\/tr><tr><td><\/td><td>1. Adjutant<\/td><td>Julian Resch<\/td><\/tr><tr><td><\/td><td>2. Adjutant<\/td><td>Mats-Finley Schulz<\/td><\/tr><tr><td>Jungsch\u00fctzenk\u00f6nigin<\/td><td><\/td><td>Lene-Henrieke Hariefeld<\/td><\/tr><tr><td><\/td><td>1. Adjutantin<\/td><td>Svea Spiegel<\/td><\/tr><tr><td><\/td><td>2. Adjutantin<\/td><td>Marleen Mie\u00dfner<\/td><\/tr><tr><td>Sch\u00fclerk\u00f6nig<\/td><td><\/td><td>Paul Grau<\/td><\/tr><tr><td><\/td><td>1. Adjutant<\/td><td>Liam Pazer<\/td><\/tr><tr><td><\/td><td>2. Adjutant<\/td><td>Arsenij Diede<\/td><\/tr><tr><td>Sch\u00fclerk\u00f6nigin<\/td><td><\/td><td>Adriana Diede<\/td><\/tr><tr><td><\/td><td>1. Adjutantin<\/td><td>Taily Bochmann<\/td><\/tr><tr><td><\/td><td>2. Adjutantin<\/td><td>Hanna Lipnicki<\/td><\/tr><tr><td>Vogelk\u00f6nig<\/td><td><\/td><td>Lennard Kille<\/td><\/tr><tr><td><\/td><td>1. Begleiter<\/td><td>Daniel Geptin<\/td><\/tr><tr><td><\/td><td>2. Begleiter<\/td><td>Andries Diede<\/td><\/tr><tr><td>Vogelk\u00f6nigin<\/td><td><\/td><td>Davina Fitschen<\/td><\/tr><tr><td><\/td><td>1. Begleiterin<\/td><td>Elisabeth Ot<\/td><\/tr><tr><td><\/td><td>2. Begleiterin<\/td><td>Ida Hauschild<\/td><\/tr><tr><td>Feuerwehrk\u00f6nig<\/td><td><\/td><td>Partricia Heller<\/td><\/tr><tr><td><\/td><td>1. Adjutantin<\/td><td>Sven Dammann<\/td><\/tr><tr><td><\/td><td>2. Adjutant<\/td><td>Volker Schulz<\/td><\/tr><\/tbody><\/table><\/figure>\n\n\n\n<p>Der Sch\u00fctzenverein Kutenholz bedankt sich herzlich bei den W\u00fcrdentr\u00e4gern des vergangenen Jahres f\u00fcr die Repr\u00e4sentation des Sch\u00fctzenvereins. <\/p>\n\n\n\n<p><a><\/a>Leider haben wir zum ersten Mal in unserer Vereinsgeschichte keinen Sch\u00fctzenk\u00f6nig.<\/p>\n\n\n\n<p>Wir w\u00fcnschen Euch viel Spa\u00df im kommenden K\u00f6nigsjahr.&nbsp;<\/p>\n","protected":false},"excerpt":{"rendered":"<p>Sch\u00fctzenk\u00f6nig Stefan Grau 1. Adjutant Stefan Zerbin 2. Adjutant Alexander Geid Sch\u00fctzenk\u00f6nigin Annika de Waal 1. Adjutantin Michaela Hauschild 2. Adjutantin Karin Grau Jungsch\u00fctzenk\u00f6nig Markus Geid 1. Adjutant Julian Resch [&hellip;]<\/p>\n","protected":false},"author":1,"featured_media":0,"parent":0,"menu_order":0,"comment_status":"closed","ping_status":"closed","template":"","meta":{"_EventAllDay":false,"_EventTimezone":"","_EventStartDate":"","_EventEndDate":"","_EventStartDateUTC":"","_EventEndDateUTC":"","_EventShowMap":false,"_EventShowMapLink":false,"_EventURL":"","_EventCost":"","_EventCostDescription":"","_EventCurrencySymbol":"","_EventCurrencyCode":"","_EventCurrencyPosition":"","_EventDateTimeSeparator":"","_EventTimeRangeSeparator":"","_EventOrganizerID":[],"_EventVenueID":[],"_OrganizerEmail":"","_OrganizerPhone":"","_OrganizerWebsite":"","_VenueAddress":"","_VenueCity":"","_VenueCountry":"","_VenueProvince":"","_VenueState":"","_VenueZip":"","_VenuePhone":"","_VenueURL":"","_VenueStateProvince":"","_VenueLat":"","_VenueLng":"","_VenueShowMap":false,"_VenueShowMapLink":false,"footnotes":""},"class_list":["post-1133","page","type-page","status-publish","hentry"],"_links":{"self":[{"href":"https:\/\/sv-kutenholz.de\/news\/wp-json\/wp\/v2\/pages\/1133","targetHints":{"allow":["GET"]}}],"collection":[{"href":"https:\/\/sv-kutenholz.de\/news\/wp-json\/wp\/v2\/pages"}],"about":[{"href":"https:\/\/sv-kutenholz.de\/news\/wp-json\/wp\/v2\/types\/page"}],"author":[{"embeddable":true,"href":"https:\/\/sv-kutenholz.de\/news\/wp-json\/wp\/v2\/users\/1"}],"replies":[{"embeddable":true,"href":"https:\/\/sv-kutenholz.de\/news\/wp-json\/wp\/v2\/comments?post=1133"}],"version-history":[{"count":1,"href":"https:\/\/sv-kutenholz.de\/news\/wp-json\/wp\/v2\/pages\/1133\/revisions"}],"predecessor-version":[{"id":1135,"href":"https:\/\/sv-kutenholz.de\/news\/wp-json\/wp\/v2\/pages\/1133\/revisions\/1135"}],"wp:attachment":[{"href":"https:\/\/sv-kutenholz.de\/news\/wp-json\/wp\/v2\/media?parent=1133"}],"curies":[{"name":"wp","href":"https:\/\/api.w.org\/{rel}","templated":true}]}}