{"id":14,"date":"2025-05-28T13:51:32","date_gmt":"2025-05-28T11:51:32","guid":{"rendered":"https:\/\/ww3.sv-kutenholz.de\/?page_id=14"},"modified":"2025-06-05T08:09:19","modified_gmt":"2025-06-05T06:09:19","slug":"news","status":"publish","type":"page","link":"https:\/\/sv-kutenholz.de\/news\/","title":{"rendered":"News"},"content":{"rendered":"\n<div class=\"wp-block-buttons is-layout-flex wp-block-buttons-is-layout-flex\">\n<div class=\"wp-block-button\"><a class=\"wp-block-button__link has-background wp-element-button\" href=\"http:\/\/ww3.sv-kutenholz.de\/events\/\" style=\"background-color:#426741\">Kalender<\/a><\/div>\n\n\n\n<div class=\"wp-block-button\"><a class=\"wp-block-button__link has-background wp-element-button\" href=\"http:\/\/ww3.sv-kutenholz.de\/Anschrift\/\" style=\"background-color:#426741\">Anfahrt<\/a><\/div>\n\n\n\n<div class=\"wp-block-button\"><a class=\"wp-block-button__link has-background wp-element-button\" href=\"https:\/\/ww3.sv-kutenholz.de\/news\/vorstand\/\" style=\"background-color:#426741\">Vorstand<\/a><\/div>\n<\/div>\n\n\n<ul class=\"wp-block-latest-posts__list has-dates .post-122 {display:none); wp-block-latest-posts\"><li><a class=\"wp-block-latest-posts__post-title\" href=\"https:\/\/sv-kutenholz.de\/news\/sonderwettkaempfe-zum-jubilaeum-2026\/\">Sonderwettk\u00e4mpfe zum Jubil\u00e4um 2026<\/a><time datetime=\"2026-03-10T10:22:40+01:00\" class=\"wp-block-latest-posts__post-date\">10\/03\/2026<\/time><div class=\"wp-block-latest-posts__post-excerpt\">Liebe Sch\u00fctzenschwestern, liebe Sch\u00fctzenbr\u00fcder, liebe Kutenholzer B\u00fcrgerinnen und B\u00fcrger. Aufgrund einiger R\u00fcckfragen folgt hier eine \u00dcbersicht, welche Sonderwettk\u00e4mpfe es dieses\u2026\u00a0<a class=\"wp-block-latest-posts__read-more\" href=\"https:\/\/sv-kutenholz.de\/news\/sonderwettkaempfe-zum-jubilaeum-2026\/\" rel=\"noopener noreferrer\"><span class=\"screen-reader-text\">Sonderwettk\u00e4mpfe zum Jubil\u00e4um 2026 <\/span>weiterlesen<\/a><\/div><\/li>\n<li><a class=\"wp-block-latest-posts__post-title\" href=\"https:\/\/sv-kutenholz.de\/news\/ergebnisse-samtgemeindeschiessen-2025\/\">Ergebnisse Samtgemeindeschie\u00dfen 2025<\/a><time datetime=\"2025-09-22T14:28:15+02:00\" class=\"wp-block-latest-posts__post-date\">22\/09\/2025<\/time><div class=\"wp-block-latest-posts__post-excerpt\">Wir gratulieren allen W\u00fcrdentr\u00e4gern herzlich zu Ihren erk\u00e4mpften W\u00fcrden! Eine vollst\u00e4ndige Auflistung aller Ergebnisse der einzelnen Wettbewerbe findet ihr hier\u2026\u00a0<a class=\"wp-block-latest-posts__read-more\" href=\"https:\/\/sv-kutenholz.de\/news\/ergebnisse-samtgemeindeschiessen-2025\/\" rel=\"noopener noreferrer\"><span class=\"screen-reader-text\">Ergebnisse Samtgemeindeschie\u00dfen 2025 <\/span>weiterlesen<\/a><\/div><\/li>\n<li><a class=\"wp-block-latest-posts__post-title\" href=\"https:\/\/sv-kutenholz.de\/news\/schiessergebnisse-schuetzenfest-2025\/\">Schie\u00dfergebnisse  Sch\u00fctzenfest 2025<\/a><time datetime=\"2025-06-25T13:13:13+02:00\" class=\"wp-block-latest-posts__post-date\">25\/06\/2025<\/time><div class=\"wp-block-latest-posts__post-excerpt\">Hier sind die Ergebnisse der diesj\u00e4hrigen Preisschie\u00dfen vom Sch\u00fctzenfest 2025 in weiterf\u00fchrenden Links zusammengefasst: Pokalschie\u00dfen Herren\/mixed (ausw\u00e4rtige Vereine) Pokalschie\u00dfen Damen\u2026\u00a0<a class=\"wp-block-latest-posts__read-more\" href=\"https:\/\/sv-kutenholz.de\/news\/schiessergebnisse-schuetzenfest-2025\/\" rel=\"noopener noreferrer\"><span class=\"screen-reader-text\">Schie\u00dfergebnisse  Sch\u00fctzenfest 2025 <\/span>weiterlesen<\/a><\/div><\/li>\n<li><a class=\"wp-block-latest-posts__post-title\" href=\"https:\/\/sv-kutenholz.de\/news\/ergebnisse-familien-club-und-er-sie-schiessen-2025\/\">Ergebnisse Familien- Club- und Er + Sie-Schie\u00dfen 2025<\/a><time datetime=\"2025-06-20T15:19:15+02:00\" class=\"wp-block-latest-posts__post-date\">20\/06\/2025<\/time><div class=\"wp-block-latest-posts__post-excerpt\">Am vergangenen Freitag waren die Kutenholzer Clubs und Familien sehr flei\u00dfig und haben die Pokale f\u00fcr das Betriebs-\/Clubschie\u00dfen sowie f\u00fcr\u2026\u00a0<a class=\"wp-block-latest-posts__read-more\" href=\"https:\/\/sv-kutenholz.de\/news\/ergebnisse-familien-club-und-er-sie-schiessen-2025\/\" rel=\"noopener noreferrer\"><span class=\"screen-reader-text\">Ergebnisse Familien- Club- und Er + Sie-Schie\u00dfen 2025 <\/span>weiterlesen<\/a><\/div><\/li>\n<li><a class=\"wp-block-latest-posts__post-title\" href=\"https:\/\/sv-kutenholz.de\/news\/einladung-schuetzenfest-2025\/\">Einladung Sch\u00fctzenfest 2025<\/a><time datetime=\"2025-06-04T10:38:34+02:00\" class=\"wp-block-latest-posts__post-date\">04\/06\/2025<\/time><div class=\"wp-block-latest-posts__post-excerpt\">Der Sch\u00fctzenverein Kutenholz l\u00e4dt alle herzlich zum diesj\u00e4hrigen Sch\u00fctzenfest ein. Es wird am dritten Juniwochende vom 20.6 bis zum 22.6\u2026\u00a0<a class=\"wp-block-latest-posts__read-more\" href=\"https:\/\/sv-kutenholz.de\/news\/einladung-schuetzenfest-2025\/\" rel=\"noopener noreferrer\"><span class=\"screen-reader-text\">Einladung Sch\u00fctzenfest 2025 <\/span>weiterlesen<\/a><\/div><\/li>\n<\/ul>\n\n\n<p><\/p>\n","protected":false},"excerpt":{"rendered":"","protected":false},"author":1,"featured_media":0,"parent":0,"menu_order":0,"comment_status":"closed","ping_status":"closed","template":"","meta":{"_EventAllDay":false,"_EventTimezone":"","_EventStartDate":"","_EventEndDate":"","_EventStartDateUTC":"","_EventEndDateUTC":"","_EventShowMap":false,"_EventShowMapLink":false,"_EventURL":"","_EventCost":"","_EventCostDescription":"","_EventCurrencySymbol":"","_EventCurrencyCode":"","_EventCurrencyPosition":"","_EventDateTimeSeparator":"","_EventTimeRangeSeparator":"","_EventOrganizerID":[],"_EventVenueID":[],"_OrganizerEmail":"","_OrganizerPhone":"","_OrganizerWebsite":"","_VenueAddress":"","_VenueCity":"","_VenueCountry":"","_VenueProvince":"","_VenueState":"","_VenueZip":"","_VenuePhone":"","_VenueURL":"","_VenueStateProvince":"","_VenueLat":"","_VenueLng":"","_VenueShowMap":false,"_VenueShowMapLink":false,"footnotes":""},"class_list":["post-14","page","type-page","status-publish","hentry"],"_links":{"self":[{"href":"https:\/\/sv-kutenholz.de\/news\/wp-json\/wp\/v2\/pages\/14","targetHints":{"allow":["GET"]}}],"collection":[{"href":"https:\/\/sv-kutenholz.de\/news\/wp-json\/wp\/v2\/pages"}],"about":[{"href":"https:\/\/sv-kutenholz.de\/news\/wp-json\/wp\/v2\/types\/page"}],"author":[{"embeddable":true,"href":"https:\/\/sv-kutenholz.de\/news\/wp-json\/wp\/v2\/users\/1"}],"replies":[{"embeddable":true,"href":"https:\/\/sv-kutenholz.de\/news\/wp-json\/wp\/v2\/comments?post=14"}],"version-history":[{"count":11,"href":"https:\/\/sv-kutenholz.de\/news\/wp-json\/wp\/v2\/pages\/14\/revisions"}],"predecessor-version":[{"id":316,"href":"https:\/\/sv-kutenholz.de\/news\/wp-json\/wp\/v2\/pages\/14\/revisions\/316"}],"wp:attachment":[{"href":"https:\/\/sv-kutenholz.de\/news\/wp-json\/wp\/v2\/media?parent=14"}],"curies":[{"name":"wp","href":"https:\/\/api.w.org\/{rel}","templated":true}]}}